y 30031.
5969
Calculate the remainder when 706998 is divided by 3801.
12
What is the remainder when 8288859 is divided by 7121?
15
What is the remainder when 614295 is divided by 27921?
33
Calculate the remainder when 3269479 is divided by 3269469.
10
Calculate the remainder when 13001785 is divided by 6500813.
159
Calculate the remainder when 5627762 is divided by 5534.
5218
What is the remainder when 64294 is divided by 7137?
61
Calculate the remainder when 35116 is divided by 7826.
3812
Calculate the remainder when 125830 is divided by 41652.
874
What is the remainder when 4896177 is divided by 1136?
17
Calculate the remainder when 430948 is divided by 434.
420
Calculate the remainder when 87578549 is divided by 45401.
20
What is the remainder when 428812109 is divided by 16?
13
Calculate the remainder when 2143157 is divided by 306162.
23
What is the remainder when 20766238 is divided by 736?
734
What is the remainder when 296116 is divided by 681?
562
Calculate the remainder when 22368865 is divided by 12.
1
What is the remainder when 439946 is divided by 109?
22
Calculate the remainder when 8021204 is divided by 2135.
9
Calculate the remainder when 247774 is divided by 16123.
5929
What is the remainder when 446156 is divided by 21212?
704
What is the remainder when 1983307 is divided by 1983294?
13
What is the remainder when 12247364 is divided by 77026?
230
Calculate the remainder when 5025432 is divided by 102.
96
What is the remainder when 45923 is divided by 2672?
499
Calculate the remainder when 4687673 is divided by 203.
200
What is the remainder when 324254 is divided by 1734?
1730
What is the remainder when 31974219 is divided by 3702?
45
What is the remainder when 3940277 is divided by 1276?
1265
What is the remainder when 8886914 is divided by 135?
134
Calculate the remainder when 1875 is divided by 1294.
581
What is the remainder when 905091 is divided by 55?
11
What is the remainder when 53116401 is divided by 446356?
37
Calculate the remainder when 3365917 is divided by 101.
92
What is the remainder when 2589173 is divided by 271?
39
Calculate the remainder when 787190 is divided by 1967.
390
Calculate the remainder when 141652 is divided by 68419.
4814
Calculate the remainder when 3320283 is divided by 1106759.
6
What is the remainder when 1690621971 is divided by 6196?
6195
Calculate the remainder when 17032418 is divided by 763.
732
Calculate the remainder when 441508 is divided by 162.
58
Calculate the remainder when 933997 is divided by 121.
119
What is the remainder when 312650 is divided by 3362?
3346
What is the remainder when 14050052 is divided by 3566?
12
What is the remainder when 7518235 is divided by 105?
25
Calculate the remainder when 419237 is divided by 3495.
3332
Calculate the remainder when 35872 is divided by 17852.
168
What is the remainder when 4333809 is divided by 1258?
1257
What is the remainder when 1753874 is divided by 56?
10
Calculate the remainder when 28780 is divided by 9168.
1276
What is the remainder when 77377 is divided by 933?
871
Calculate the remainder when 8842807 is divided by 22.
17
What is the remainder when 9569246 is divided by 217?
197
Calculate the remainder when 695524 is divided by 8978.
4218
Calculate the remainder when 35756 is divided by 694.
362
What is the remainder when 20858673 is divided by 48964?
9
What is the remainder when 976208 is divided by 276?
272
What is the remainder when 718782 is divided by 92?
78
What is the remainder when 79067346 is divided by 25?
21
What is the remainder when 4487147 is divided by 299143?
2
Calculate the remainder when 154844 is divided by 30965.
19
What is the remainder when 3151524 is divided by 32?
4
What is the remainder when 211115 is divided by 210936?
179
Calculate the remainder when 553820 is divided by 692.
220
What is the remainder when 1013504 is divided by 144774?
86
Calculate the remainder when 12011161 is divided by 52.
45
What is the remainder when 203643936 is divided by 109?
108
Calculate the remainder when 13339859 is divided by 2667860.
559
What is the remainder when 10069455 is divided by 1373?
1246
Calculate the remainder when 137171 is divided by 6240.
6131
What is the remainder when 190120 is divided by 14615?
125
What is the remainder when 51790 is divided by 556?
82
What is the remainder when 197033 is divided by 254?
183
What is the remainder when 103664589 is divided by 5243?
5236
Calculate the remainder when 9053244 is divided by 2855.
39
What is the remainder when 37594304 is divided by 471?
26
What is the remainder when 47096 is divided by 4247?
379
Calculate the remainder when 250169694 is divided by 206.
204
Calculate the remainder when 50562908 is divided by 331.
10
What is the remainder when 7995191 is divided by 216085?
46
What is the remainder when 13713454 is divided by 243?
235
What is the remainder when 308529 is divided by 4874?
1467
What is the remainder when 7563700 is divided by 85951?
12
Calculate the remainder when 219363 is divided by 1157.
690
What is the remainder when 5493 is divided by 64?
53
What is the remainder when 1509869 is divided by 433?
431
Calculate the remainder when 39021690 is divided by 2688.
2682
What is the remainder when 149399 is divided by 664?
663
What is the remainder when 877268 is divided by 1550?
1518
Calculate the remainder when 1057371 is divided by 1057032.
339
Calculate the remainder when 49981 is divided by 23868.
2245
What is the remainder when 143791199 is divided by 900?
899
Calculate the remainder when 875300 is divided by 87529.
10
Calculate the remainder when 5015102 is divided by 5014918.
184
What is the remainder when 38773 is divided by 11556?
4105
Calculate the remainder when 13100643 is divided by 66840.
3
What is the remainder when 13803 is divided by 4481?
360
What is the remainder when 28761275 is divided by 10?
5
What is the remainder when 38018 is divided by 189?
29
Calculate the remainder when 4888010 is divided by 122.
80
Calculate the remainder when 35349 is divided by 2965.
2734
What is the remainder when 6146356 is divided by 682928?
4
What is the remainder when 50504 is divided by 4189?
236
What is the remainder when 5502188 is divided by 27238?
112
Calculate the remainder when 1878745966 is divided by 396.
394
What is the remainder when 41126 is divided by 13705?
11
Calculate the remainder when 795932 is divided by 9587.
211
What is the remainder when 6463 is divided by 2147?
22
Calculate the remainder when 37517001 is divided by 21.
18
Calculate the remainder when 47860 is divided by 2012.
1584
Calculate the remainder when 4315454 is divided by 14149.
9
Calculate the remainder when 42990821 is divided by 3100.
21
What is the remainder when 3741011 is divided by 1206?
1205
Calculate the remainder when 125826 is divided by 164.
38
Calculate the remainder when 6068683 is divided by 435.
433
What is the remainder when 43613 is divided by 282?
185
What is the remainder when 403387 is divided by 810?
7
Calculate the remainder when 14569 is divided by 2353.
451
Calculate the remainder when 17191583 is divided by 5730507.
62
Calculate the remainder when 193693255 is divided by 38.
35
What is the remainder when 3257482 is divided by 814367?
14
Calculate the remainder when 6126374 is divided by 293.
37
Calculate the remainder when 31093209 is divided by 81.
63
Calculate the remainder when 435741 is divided by 2136.
2133
What is the remainder when 26797712 is divided by 438?
434
Calculate the remainder when 32184 is divided by 3030.
1884
Calculate the remainder when 33240 is divided by 10503.
1731
Calculate the remainder when 451795049 is divided by 675.
674
What is the remainder when 1232373 is divided by 82156?
33
What is the remainder when 27310363 is divided by 9103446?
25
Calculate the remainder when 229151 is divided by 170.
161
Calculate the remainder when 21604 is divided by 1503.
562
Calculate the remainder when 4493143 is divided by 1448.
1447
What is the remainder when 30814 is divided by 3973?
3003
Calculate the remainder when 23777993 is divided by 4.
1
What is the remainder when 13737498 is divided by 858588?
90
What is the remainder when 9760845 is divided by 699?
9
Calculate the remainder when 152365 is divided by 543.
325
W